[INFO] cloning repository https://github.com/ryota-ka/rust-yo-slack-adapter
[INFO] running `Command { std: "git" "-c" "credential.helper=" "-c" "credential.helper=/workspace/cargo-home/bin/git-credential-null" "clone" "--bare" "https://github.com/ryota-ka/rust-yo-slack-adapter" "/workspace/cache/git-repos/https%3A%2F%2Fgithub.com%2Fryota-ka%2Frust-yo-slack-adapter", kill_on_drop: false }`
[INFO] [stderr] Cloning into bare repository '/workspace/cache/git-repos/https%3A%2F%2Fgithub.com%2Fryota-ka%2Frust-yo-slack-adapter'...
[INFO] running `Command { std: "git" "rev-parse" "HEAD", kill_on_drop: false }`
[INFO] [stdout] 5fa6ea88e8a684d18082e94c04bc5c3556de788c
[INFO] checking ryota-ka/rust-yo-slack-adapter against try#72f88fc4e9458f89516a0b8b0868f3718aec5b47 for pr-74989
[INFO] running `Command { std: "git" "clone" "/workspace/cache/git-repos/https%3A%2F%2Fgithub.com%2Fryota-ka%2Frust-yo-slack-adapter" "/workspace/builds/worker-12/source", kill_on_drop: false }`
[INFO] [stderr] Cloning into '/workspace/builds/worker-12/source'...
[INFO] [stderr] done.
[INFO] validating manifest of git repo https://github.com/ryota-ka/rust-yo-slack-adapter on toolchain 72f88fc4e9458f89516a0b8b0868f3718aec5b47
[INFO] running `Command { std: "/workspace/cargo-home/bin/cargo" "+72f88fc4e9458f89516a0b8b0868f3718aec5b47" "read-manifest" "--manifest-path" "Cargo.toml", kill_on_drop: false }`
[INFO] started tweaking git repo https://github.com/ryota-ka/rust-yo-slack-adapter
[INFO] finished tweaking git repo https://github.com/ryota-ka/rust-yo-slack-adapter
[INFO] tweaked toml for git repo https://github.com/ryota-ka/rust-yo-slack-adapter written to /workspace/builds/worker-12/source/Cargo.toml
[INFO] crate git repo https://github.com/ryota-ka/rust-yo-slack-adapter already has a lockfile, it will not be regenerated
[INFO] running `Command { std: "/workspace/cargo-home/bin/cargo" "+72f88fc4e9458f89516a0b8b0868f3718aec5b47" "fetch" "--locked" "--manifest-path" "Cargo.toml", kill_on_drop: false }`
[INFO] [stderr] error: the lock file /workspace/builds/worker-12/source/Cargo.lock needs to be updated but --locked was passed to prevent this
[INFO] [stderr] If you want to try to generate the lock file without accessing the network, use the --offline flag.
[INFO] the lockfile is outdated, regenerating it
[INFO] running `Command { std: "/workspace/cargo-home/bin/cargo" "+72f88fc4e9458f89516a0b8b0868f3718aec5b47" "generate-lockfile" "--manifest-path" "Cargo.toml" "-Zno-index-update", kill_on_drop: false }`
[INFO] running `Command { std: "/workspace/cargo-home/bin/cargo" "+72f88fc4e9458f89516a0b8b0868f3718aec5b47" "fetch" "--locked" "--manifest-path" "Cargo.toml", kill_on_drop: false }`
[INFO] running `Command { std: "docker" "create" "-v" "/var/lib/crater-agent-workspace/builds/worker-12/target:/opt/rustwide/target:rw,Z" "-v" "/var/lib/crater-agent-workspace/builds/worker-12/source:/opt/rustwide/workdir:ro,Z" "-v" "/var/lib/crater-agent-workspace/cargo-home:/opt/rustwide/cargo-home:ro,Z" "-v" "/var/lib/crater-agent-workspace/rustup-home:/opt/rustwide/rustup-home:ro,Z" "-e" "SOURCE_DIR=/opt/rustwide/workdir" "-e" "CARGO_TARGET_DIR=/opt/rustwide/target" "-e" "CARGO_HOME=/opt/rustwide/cargo-home" "-e" "RUSTUP_HOME=/opt/rustwide/rustup-home" "-w" "/opt/rustwide/workdir" "-m" "1610612736" "--user" "0:0" "--network" "none" "rustops/crates-build-env@sha256:d92eaeed33fa75130ca1ee6c8a01d1ffb62bac859dfdfb3450e3e5d1c0146529" "/opt/rustwide/cargo-home/bin/cargo" "+72f88fc4e9458f89516a0b8b0868f3718aec5b47" "metadata" "--no-deps" "--format-version=1", kill_on_drop: false }`
[INFO] [stdout] a711f7f3a080c35bfde6784df30b804a71bc4f2407979494206d1aa84e859104
[INFO] [stderr] WARNING: Your kernel does not support swap limit capabilities or the cgroup is not mounted. Memory limited without swap.
[INFO] running `Command { std: "docker" "start" "-a" "a711f7f3a080c35bfde6784df30b804a71bc4f2407979494206d1aa84e859104", kill_on_drop: false }`
[INFO] running `Command { std: "docker" "inspect" "a711f7f3a080c35bfde6784df30b804a71bc4f2407979494206d1aa84e859104", kill_on_drop: false }`
[INFO] running `Command { std: "docker" "rm" "-f" "a711f7f3a080c35bfde6784df30b804a71bc4f2407979494206d1aa84e859104", kill_on_drop: false }`
[INFO] [stdout] a711f7f3a080c35bfde6784df30b804a71bc4f2407979494206d1aa84e859104
[INFO] running `Command { std: "docker" "create" "-v" "/var/lib/crater-agent-workspace/builds/worker-12/target:/opt/rustwide/target:rw,Z" "-v" "/var/lib/crater-agent-workspace/builds/worker-12/source:/opt/rustwide/workdir:ro,Z" "-v" "/var/lib/crater-agent-workspace/cargo-home:/opt/rustwide/cargo-home:ro,Z" "-v" "/var/lib/crater-agent-workspace/rustup-home:/opt/rustwide/rustup-home:ro,Z" "-e" "SOURCE_DIR=/opt/rustwide/workdir" "-e" "CARGO_TARGET_DIR=/opt/rustwide/target" "-e" "CARGO_INCREMENTAL=0" "-e" "RUST_BACKTRACE=full" "-e" "RUSTFLAGS=--cap-lints=forbid" "-e" "CARGO_HOME=/opt/rustwide/cargo-home" "-e" "RUSTUP_HOME=/opt/rustwide/rustup-home" "-w" "/opt/rustwide/workdir" "-m" "1610612736" "--user" "0:0" "--network" "none" "rustops/crates-build-env@sha256:d92eaeed33fa75130ca1ee6c8a01d1ffb62bac859dfdfb3450e3e5d1c0146529" "/opt/rustwide/cargo-home/bin/cargo" "+72f88fc4e9458f89516a0b8b0868f3718aec5b47" "check" "--frozen" "--all" "--all-targets" "--message-format=json", kill_on_drop: false }`
[INFO] [stderr] WARNING: Your kernel does not support swap limit capabilities or the cgroup is not mounted. Memory limited without swap.
[INFO] [stdout] 643f6608b1a82b37c78510afdc64f4ed99c9dde51c5837960fc2c70dd20de4ef
[INFO] running `Command { std: "docker" "start" "-a" "643f6608b1a82b37c78510afdc64f4ed99c9dde51c5837960fc2c70dd20de4ef", kill_on_drop: false }`
[INFO] [stderr]    Compiling rand_core v0.4.2
[INFO] [stderr]    Compiling version_check v0.1.5
[INFO] [stderr]    Compiling autocfg v0.1.7
[INFO] [stderr]    Compiling log v0.4.11
[INFO] [stderr]    Compiling syn v1.0.41
[INFO] [stderr]     Checking lazy_static v1.4.0
[INFO] [stderr]    Compiling memchr v2.3.3
[INFO] [stderr]     Checking bytes v0.5.6
[INFO] [stderr]    Compiling pin-project-internal v0.4.23
[INFO] [stderr]    Compiling httparse v1.3.4
[INFO] [stderr]     Checking futures-sink v0.3.5
[INFO] [stderr]     Checking safemem v0.3.3
[INFO] [stderr]     Checking futures-task v0.3.5
[INFO] [stderr]     Checking typeable v0.1.2
[INFO] [stderr]     Checking try-lock v0.2.3
[INFO] [stderr]     Checking tower-service v0.3.0
[INFO] [stderr]     Checking futures-channel v0.3.5
[INFO] [stderr]     Checking unsafe-any v0.4.2
[INFO] [stderr]    Compiling indexmap v1.6.0
[INFO] [stderr]    Compiling proc-macro2 v1.0.21
[INFO] [stderr]     Checking idna v0.1.5
[INFO] [stderr]     Checking idna v0.2.0
[INFO] [stderr]     Checking iovec v0.1.4
[INFO] [stderr]     Checking net2 v0.2.35
[INFO] [stderr]     Checking time v0.1.44
[INFO] [stderr]     Checking socket2 v0.3.15
[INFO] [stderr]    Compiling rand_core v0.3.1
[INFO] [stderr]    Compiling rand_os v0.1.3
[INFO] [stderr]    Compiling rand_jitter v0.1.4
[INFO] [stderr]     Checking tracing-core v0.1.16
[INFO] [stderr]     Checking base64 v0.9.3
[INFO] [stderr]     Checking typemap v0.3.3
[INFO] [stderr]    Compiling rand_isaac v0.1.1
[INFO] [stderr]    Compiling rand_xorshift v0.1.1
[INFO] [stderr]    Compiling rand_hc v0.1.0
[INFO] [stderr]    Compiling unicase v1.4.2
[INFO] [stderr]     Checking url v2.1.1
[INFO] [stderr]     Checking plugin v0.2.6
[INFO] [stderr]     Checking http v0.2.1
[INFO] [stderr]    Compiling rand_chacha v0.1.1
[INFO] [stderr]    Compiling rand_pcg v0.1.2
[INFO] [stderr]    Compiling rand v0.6.5
[INFO] [stderr]     Checking log v0.3.9
[INFO] [stderr]     Checking mio v0.6.22
[INFO] [stderr]     Checking tracing v0.1.19
[INFO] [stderr]     Checking want v0.3.0
[INFO] [stderr]     Checking url v1.7.2
[INFO] [stderr]    Compiling quote v1.0.7
[INFO] [stderr]     Checking mime v0.2.6
[INFO] [stderr]     Checking phf_shared v0.7.24
[INFO] [stderr]     Checking phf v0.7.24
[INFO] [stderr]     Checking hyper v0.10.16
[INFO] [stderr]     Checking tokio v0.2.22
[INFO] [stderr]    Compiling phf_generator v0.7.24
[INFO] [stderr]    Compiling phf_codegen v0.7.24
[INFO] [stderr]     Checking http-body v0.3.1
[INFO] [stderr]    Compiling mime_guess v1.8.8
[INFO] [stderr]     Checking iron v0.6.1
[INFO] [stderr]     Checking tokio-util v0.3.1
[INFO] [stderr]     Checking pin-project v0.4.23
[INFO] [stderr]     Checking futures-util v0.3.5
[INFO] [stderr]     Checking h2 v0.2.6
[INFO] [stderr]     Checking hyper v0.13.7
[INFO] [stderr]     Checking rust-yo-slack-adapter v0.1.1 (/opt/rustwide/workdir)
[INFO] [stdout] error: extern crate `percent_encoding` is private, and cannot be re-exported (error E0365), consider declaring with `pub`
[INFO] [stdout]  --> src/yo/query.rs:5:5
[INFO] [stdout]   |
[INFO] [stdout] 5 | use self::url::percent_encoding;
[INFO] [stdout]   |     ^^^^^^^^^^^^^^^^^^^^^^^^^^^
[INFO] [stdout]   |
[INFO] [stdout]   = note: `#[deny(pub_use_of_private_extern_crate)]` on by default
[INFO] [stdout]   = warning: this was previously accepted by the compiler but is being phased out; it will become a hard error in a future release!
[INFO] [stdout]   = note: for more information, see issue #34537 <https://github.com/rust-lang/rust/issues/34537>
[INFO] [stdout] 
[INFO] [stdout] 
[INFO] [stdout] error: extern crate `percent_encoding` is private, and cannot be re-exported (error E0365), consider declaring with `pub`
[INFO] [stdout]  --> src/yo/query.rs:5:5
[INFO] [stdout]   |
[INFO] [stdout] 5 | use self::url::percent_encoding;
[INFO] [stdout]   |     ^^^^^^^^^^^^^^^^^^^^^^^^^^^
[INFO] [stdout]   |
[INFO] [stdout]   = note: `#[deny(pub_use_of_private_extern_crate)]` on by default
[INFO] [stdout]   = warning: this was previously accepted by the compiler but is being phased out; it will become a hard error in a future release!
[INFO] [stdout]   = note: for more information, see issue #34537 <https://github.com/rust-lang/rust/issues/34537>
[INFO] [stdout] 
[INFO] [stdout] 
[INFO] [stdout] error[E0308]: mismatched types
[INFO] [stdout]   --> src/yo/query.rs:72:60
[INFO] [stdout]    |
[INFO] [stdout] 72 |         let decoded_query_string = match String::from_utf8(decoded_query_bytes) {
[INFO] [stdout]    |                                                            ^^^^^^^^^^^^^^^^^^^ expected struct `Vec`, found struct `percent_encoding::PercentDecode`
[INFO] [stdout]    |
[INFO] [stdout]    = note: expected struct `Vec<u8>`
[INFO] [stdout]               found struct `percent_encoding::PercentDecode<'_>`
[INFO] [stdout] 
[INFO] [stdout] 
[INFO] [stdout] error[E0308]: mismatched types
[INFO] [stdout]   --> src/yo/query.rs:72:60
[INFO] [stdout]    |
[INFO] [stdout] 72 |         let decoded_query_string = match String::from_utf8(decoded_query_bytes) {
[INFO] [stdout]    |                                                            ^^^^^^^^^^^^^^^^^^^ expected struct `Vec`, found struct `percent_encoding::PercentDecode`
[INFO] [stdout]    |
[INFO] [stdout]    = note: expected struct `Vec<u8>`
[INFO] [stdout]               found struct `percent_encoding::PercentDecode<'_>`
[INFO] [stdout] 
[INFO] [stdout] 
[INFO] [stdout] error[E0308]: mismatched types
[INFO] [stdout]   --> src/yo/query.rs:85:49
[INFO] [stdout]    |
[INFO] [stdout] 85 |                         match String::from_utf8(decoded_url_bytes) {
[INFO] [stdout]    |                                                 ^^^^^^^^^^^^^^^^^ expected struct `Vec`, found struct `percent_encoding::PercentDecode`
[INFO] [stdout]    |
[INFO] [stdout]    = note: expected struct `Vec<u8>`
[INFO] [stdout]               found struct `percent_encoding::PercentDecode<'_>`
[INFO] [stdout] 
[INFO] [stdout] 
[INFO] [stdout] error[E0308]: mismatched types
[INFO] [stdout]   --> src/yo/query.rs:85:49
[INFO] [stdout]    |
[INFO] [stdout] 85 |                         match String::from_utf8(decoded_url_bytes) {
[INFO] [stdout]    |                                                 ^^^^^^^^^^^^^^^^^ expected struct `Vec`, found struct `percent_encoding::PercentDecode`
[INFO] [stdout]    |
[INFO] [stdout]    = note: expected struct `Vec<u8>`
[INFO] [stdout]               found struct `percent_encoding::PercentDecode<'_>`
[INFO] [stdout] 
[INFO] [stdout] 
[INFO] [stdout] error: aborting due to 3 previous errors
[INFO] [stdout] 
[INFO] [stdout] 
[INFO] [stdout] For more information about this error, try `rustc --explain E0308`.
[INFO] [stdout] 
[INFO] [stdout] error: aborting due to 3 previous errors
[INFO] [stdout] 
[INFO] [stdout] 
[INFO] [stdout] For more information about this error, try `rustc --explain E0308`.
[INFO] [stdout] 
[INFO] [stderr] error: could not compile `rust-yo-slack-adapter`.
[INFO] [stderr] 
[INFO] [stderr] To learn more, run the command again with --verbose.
[INFO] [stderr] warning: build failed, waiting for other jobs to finish...
[INFO] [stderr] error: build failed
[INFO] running `Command { std: "docker" "inspect" "643f6608b1a82b37c78510afdc64f4ed99c9dde51c5837960fc2c70dd20de4ef", kill_on_drop: false }`
[INFO] running `Command { std: "docker" "rm" "-f" "643f6608b1a82b37c78510afdc64f4ed99c9dde51c5837960fc2c70dd20de4ef", kill_on_drop: false }`
[INFO] [stdout] 643f6608b1a82b37c78510afdc64f4ed99c9dde51c5837960fc2c70dd20de4ef
